m**2 - 1276*m + 57258. Determine x(43).
541
Let q(z) = 8*z**2 - 2016*z + 30249. Give q(236).
41
Let b(v) = 2*v**2 - 569*v - 2462741. Determine b(1261).
-8
Let h(y) = -1425183*y - 1425211. Determine h(-1).
-28
Let n(l) = l**3 + 24*l**2 + 334*l + 6796. Give n(-22).
416
Let q(k) = -3*k**2 + 474172*k - 6637816. Give q(14).
4
Let v(s) = -s**3 - 895*s**2 + 46235*s - 19830. Give v(-944).
-6
Let i(x) = 2*x**2 - 2236*x + 301761. Give i(157).
7
Let c(o) = 5*o**2 + 353*o + 5021. Give c(-51).
23
Let k(o) = o**3 - 325*o**2 + 1572*o + 109. Give k(5).
-31
Let d(o) = -o**3 + 539*o**2 + 37930*o - 2363. What is d(602)?
45
Let n(d) = 376*d + 5199. Determine n(-14).
-65
Let k(j) = 326*j**2 + 5442*j - 14291. What is k(-19)?
-3
Let s(p) = -1336198*p + 25387776. Give s(19).
14
Let u(l) = 543475*l - 20108582. Give u(37).
-7
Let c(v) = -6*v**3 - 4*v**2 - 1451*v - 2888. Determine c(-2).
46
Let a(r) = -3*r**2 - 6851*r - 54786. Give a(-8).
-170
Let v(r) = 6*r**3 - 53*r**2 + 81*r - 327. Give v(8).
1
Let u(g) = 590910*g - 590895. Calculate u(1).
15
Let s(t) = -2*t**3 - 114*t**2 - 1637*t - 382. Determine s(-29).
-5
Let f(w) = -w**2 - 32921*w + 98783. Determine f(3).
11
Let i(w) = 2*w**2 + 1069*w - 13830. Calculate i(13).
405
Let q(p) = 2*p**3 - 4*p**2 - 1910*p + 52. Calculate q(32).
372
Let a(q) = -4*q**3 - 25*q**2 - 14*q + 106. What is a(-11)?
2559
Let h(m) = 2*m**3 - 534*m**2 - 543*m + 1901. Give h(268).
25
Let u(n) = -4*n**3 + 19*n**2 - 39*n + 7. What is u(9)?
-1721
Let t(q) = -7268*q + 7137. Determine t(1).
-131
Let z(m) = 132365*m - 926531. Calculate z(7).
24
Let v(q) = q**2 - 27*q - 2779. What is v(-38)?
-309
Let m(b) = 2*b**3 - 671*b**2 - 3059*b - 531. What is m(340)?
-191
Let y(w) = 2*w**3 + 208*w**2 + 4267*w + 234. What is y(-28)?
-74
Let i(k) = k**3 + 117*k**2 + 264*k - 8898. Give i(-114).
-6
Let a(t) = -3*t**3 + 11*t**2 + 2256*t - 9062. What is a(4)?
-54
Let y(m) = -132*m**2 - 7389*m + 267. What is y(-56)?
99
Let c(h) = -340*h + 26220. Give c(78).
-300
Let v(u) = 11*u**3 + 23*u**2 + 87*u + 275. Calculate v(-3).
-76
Let t(n) = -2*n**2 - 5*n + 9475. Calculate t(70).
-675
Let h(t) = -t**3 - 138*t**2 + 4276*t + 1965. What is h(-164)?
-3
Let f(t) = 4*t**2 + 51*t + 29. What is f(3)?
218
Let f(j) = -241741*j + 32. Calculate f(0).
32
Let h(g) = 2*g**3 - g**2 - 118*g - 115. Give h(-9).
-592
Let f(h) = 83*h - 724. Calculate f(20).
936
Let o(y) = -46171*y - 9418863. Determine o(-204).
21
Let j(z) = z**2 + 1064*z + 104938. Give j(-110).
-2
Let j(u) = u**2 - 745*u + 131982. What is j(455)?
32
Let v(r) = 4*r**2 + 186*r + 1831. Determine v(-14).
11
Let a(m) = 402*m - 119005. What is a(295)?
-415
Let l(w) = -9*w**3 + 1797*w**2 + 4242*w + 10. Calculate l(202).
10
Let h(s) = -498*s - 13119. What is h(-30)?
1821
Let c(m) = -101*m - 6313. Give c(-67).
454
Let m(u) = 9*u**2 + 1216*u + 2532. Calculate m(-133).
5
Let q(g) = 40*g**3 + 3*g**2 + 48*g + 144. What is q(-4)?
-2560
Let x(c) = -2*c**3 + 139*c**2 + 238*c - 11705. Determine x(70).
55
Let m(n) = -n**2 + 21762*n - 1150590. Determine m(53).
-13
Let y(o) = 2*o**3 + 62*o**2 - 68*o - 3198. Determine y(-30).
642
Let o(f) = -78*f**2 + 119*f + 129. What is o(-1)?
-68
Let h(y) = -4*y**2 + 960*y + 14204. Give h(254).
-20
Let w(s) = 4*s**3 - 253*s**2 + 542*s + 452. Calculate w(61).
25
Let u(h) = -h**3 - 2496*h**2 + 52*h - 3. What is u(0)?
-3
Let y(n) = -48*n + 8397. Determine y(260).
-4083
Let f(s) = -2*s**3 + 89*s**2 + 116*s + 2. Give f(46).
-1010
Let y(t) = -6182*t - 104959. Determine y(-17).
135
Let i(a) = -a**3 + 12*a**2 + 6*a - 207. Determine i(11).
-20
Let z(s) = -s**3 + 7*s**2 + 56*s + 572. What is z(-8)?
1084
Let d(h) = -7171*h + 86075. Determine d(12).
23
Let f(p) = 3*p**3 + 104*p**2 - 58*p + 53. Determine f(-35).
858
Let d(o) = -4663*o + 79274. Calculate d(17).
3
Let k(a) = 76447*a + 305745. Determine k(-4).
-43
Let j(l) = 997*l + 660. Calculate j(-4).
-3328
Let m(p) = -62342*p + 3054748. Determine m(49).
-10
Let v(q) = 6744*q + 2050207. What is v(-304)?
31
Let w(d) = 75*d**2 - 4449*d - 14023. Calculate w(-3).
-1
Let v(y) = y**3 - 273*y**2 + 13371*y + 324. Determine v(64).
4
Let s(f) = 3*f**3 - 39*f**2 + 63*f + 8. Calculate s(2).
2
Let b(y) = 3854*y + 11522. What is b(-3)?
-40
Let j(a) = 163*a - 5125. Give j(37).
906
Let w(k) = 3*k**3 + 11*k**2 + 619*k + 2526. Determine w(-4).
34
Let k(r) = -r**3 - 177*r**2 - 1506*r + 174. Give k(-168).
-834
Let p(c) = c**2 - 274*c + 18023. Give p(167).
154
Let h(y) = y**3 - 301*y**2 + 10866*y + 496. Give h(42).
-8
Let i(v) = 3*v**3 + 19*v**2 - 252*v - 576. Calculate i(-12).
0
Let b(y) = y**2 - 26103*y + 15177258. What is b(595)?
-2
Let r(m) = 143*m**2 - 13008*m - 487. Give r(91).
-32
Let d(t) = -10*t**3 + 60*t**2 - 73*t + 91. What is d(5)?
-24
Let n(v) = -42*v**2 - 4*v - 200. What is n(-5)?
-1230
Let u(n) = -1111*n**2 + 6675*n - 59. Give u(6).
-5
Let m(h) = h**3 + 332*h**2 + 3224*h + 1481. Give m(-322).
193
Let v(m) = 17450*m - 680456. Determine v(39).
94
Let f(w) = -12094*w - 640823. Give f(-53).
159
Let w(n) = 14226*n + 1920673. What is w(-135)?
163
Let f(j) = 64*j**2 - 474*j + 16. Calculate f(4).
-856
Let k(u) = 19862*u - 615700. Give k(31).
22
Let b(c) = -2*c**2 - 88*c + 56068. What is b(-194)?
-2132
Let i(r) = -13*r**2 - 18*r + 317. What is i(-7)?
-194
Let n(p) = p**3 + 222*p**2 + 6857*p + 18582. What is n(-3)?
-18
Let j(a) = 263*a**2 - 1026*a - 3967. Give j(-4).
4345
Let p(x) = -x**3 + 11*x**2 + 1407*x + 140. Calculate p(46).
-9198
Let l(w) = w**3 - 128*w**2 + 218*w - 27730. Calculate l(128).
174
Let t(c) = c**2 - 76275*c + 13773007. Give t(181).
-7
Let k(n) = 1575*n + 138573. Calculate k(-88).
-27
Let c(p) = p**3 + 82*p**2 - 1349*p + 82. Determine c(14).
12
Let p(f) = f**3 - 32*f**2 - 709*f + 17001. Determine p(39).
-3
Let j(t) = -t**2 + 107*t - 456. Give j(0).
-456
Let b(m) = -109340*m + 656043. Calculate b(6).
3
Let s(j) = 3*j**3 - 50*j**2 + 56*j - 293. Give s(15).
-578
Let u(f) = -8856*f - 2010332. What is u(-227)?
-20
Let k(o) = -604*o - 8057. Calculate k(-13).
-205
Let w(s) = -4*s**2 + 2118*s - 17736. Give w(521).
-22
Let s(y) = 2*y**3 + 649*y**2 + 1467*y - 46052. Calculate s(-322).
-6
Let v(h) = h**2 + 945*h - 35323. What is v(36)?
-7
Let p(m) = -2*m**2 - 192*m - 653. What is p(-92)?
83
Let s(z) = -8*z**2 + 3402*z - 243859. Calculate s(334).
-39
Let a(c) = 6*c**3 - 58*c**2 - 45*c - 28. Determine a(9).
-757
Let k(n) = 8*n**3 - 1705*n**2 + 464*n - 53464. Calculate k(213).
-1
Let s(v) = -v**3 - 86*v**2 + 1872*v - 9. What is s(-104)?
-9
Let l(n) = -n**3 + 35*n**2 + 94*n + 2439. Determine l(39).
21
Let g(z) = -1008*z**2 - 83674*z - 844. Give g(-83).
-14
Let c(l) = l**2 - 2026*l + 40135. Calculate c(20).
15
Let t(p) = -p**3 - p**2 - 26551*p + 132750. Calculate t(5).
-155
Let d(m) = -2911*m - 214250. Calculate d(-75).
4075
Let m(h) = 56*h**3 + 1180*h**2 + 65*h + 33. Calculate m(-21).
432
Let j(s) = s**2 - 4830*s + 796706. What is j(171)?
17
Let b(d) = 3*d**3 - 411*d**2 - 272*d + 37277. Calculate b(137).
13
Let u(b) = 4*b**2 - 408*b + 554. Determine u(101).
150
Let o(a) = 2*a**2 + 3350*a + 86277. Give o(-26).
529
Let b(n) = -8*n**2 + 410*n - 493. Calculate b(56).
-2621
Let u(z) = 31432*z - 22. Give u(0).
-22
Let j(x) = -15*x**2 - 1302*x + 9027. Determine j(7).
-822
Let n(j) = -2*j**3 - 18*j**2 + 55*j - 2709. Give n(-16).
-5
Let d(j) = j**3 + 37*j**2 + 23*j + 151. Give d(-36).
619
Let c(d) = d**3 - 41*d**2 - 154*d + 4101. Calculate c(41).
-2213
Let y(n) = 2*n**2 + 1803*n + 406350. Determine y(-450).
0
Let n(s) = -s**3 - 9*s**2 - 87*s - 910. Give n(-10).
60
Let u(j) = 432*j - 11805. What is u(29)?
723
Let h(d) = 2*d**2 + 7170*d - 136942. Determine h(19).
10
Let s(f) = -169*f + 374. Give s(11).
-1485
Let m(f) = 3*f**2 - 269*f + 5766. Determine m(48).
-234
Let i(b) = -119*b**3 - 238*b**2 - 11*b - 25. Calculate i(-2).
-3
Let z(g) = -2405*g - 60062. Determine z(-25).
63
Let g(q) = -411*q - 56273. Determine g(-137).
34
Let f(z) = -6*z - 906. Determine f(-88).
-378
Let m(t) = -t**3 - 14*t**2 - 1285*t - 17924. What is m(-14)?
66
Let a(n) = -3*n**2 - 656*n - 24845. Give a(-49).
96
Let b(p) = p**2 + 46017*p - 368249. Determine b(8).
-49
Let i(s) = s**2 + 37764*s + 3202725. What is i(-85)?
10
Let l(o) = o**2 - 55*o - 2362. Calculate l(69).
-1396
Let m(g) = -3*g**3 - 3*g**2 + 827*g + 18. Give m(0).
